{"id":6331,"date":"2026-03-27T18:42:04","date_gmt":"2026-03-27T17:42:04","guid":{"rendered":"https:\/\/ichnostoreoffice.it\/?page_id=6331"},"modified":"2026-03-28T16:50:26","modified_gmt":"2026-03-28T15:50:26","slug":"blog","status":"publish","type":"page","link":"https:\/\/ichnostoreoffice.it\/index.php\/blog\/","title":{"rendered":"Blog"},"content":{"rendered":"\t\t<div data-elementor-type=\"wp-page\" data-elementor-id=\"6331\" class=\"elementor elementor-6331\" data-elementor-settings=\"{&quot;ha_cmc_init_switcher&quot;:&quot;no&quot;}\" data-elementor-post-type=\"page\">\n\t\t\t\t<div class=\"aux-parallax-section elementor-element elementor-element-37b911b e-flex e-con-boxed e-con e-parent\" data-id=\"37b911b\" data-element_type=\"container\" data-e-type=\"container\" data-settings=\"{&quot;_ha_eqh_enable&quot;:false}\">\n\t\t\t\t\t<div class=\"e-con-inner\">\n\t\t\t\t<div class=\"elementor-element elementor-element-d1fa9ae elementor-widget elementor-widget-heading\" data-id=\"d1fa9ae\" data-element_type=\"widget\" data-e-type=\"widget\" data-widget_type=\"heading.default\">\n\t\t\t\t<div class=\"elementor-widget-container\">\n\t\t\t\t\t<h1 class=\"elementor-heading-title elementor-size-default\">Blog<\/h1>\t\t\t\t<\/div>\n\t\t\t\t<\/div>\n\t\t\t\t<div class=\"elementor-element elementor-element-bdb0daa elementor-widget__width-initial elementor-widget elementor-widget-text-editor\" data-id=\"bdb0daa\" data-element_type=\"widget\" data-e-type=\"widget\" data-widget_type=\"text-editor.default\">\n\t\t\t\t<div class=\"elementor-widget-container\">\n\t\t\t\t\t\t\t\t\t<p>Articoli pratici su consegne sbagliate, controllo dei colli, continuit\u00e0 operativa e gestione reale delle forniture in ufficio. Qui non parliamo di carta in astratto, ma di problemi concreti, metodo di lavoro e criteri utili per evitare caos, ritardi e perdite di tempo.<\/p>\t\t\t\t\t\t\t\t<\/div>\n\t\t\t\t<\/div>\n\t\t\t\t\t<\/div>\n\t\t\t\t<\/div>\n\t\t<div class=\"aux-parallax-section elementor-element elementor-element-ec02bf3 e-flex e-con-boxed e-con e-parent\" data-id=\"ec02bf3\" data-element_type=\"container\" data-e-type=\"container\" data-settings=\"{&quot;_ha_eqh_enable&quot;:false}\">\n\t\t\t\t\t<div class=\"e-con-inner\">\n\t\t\t\t<div class=\"elementor-element elementor-element-2025bbb elementor-grid-3 elementor-grid-tablet-2 elementor-grid-mobile-1 elementor-posts--thumbnail-top elementor-widget elementor-widget-posts\" data-id=\"2025bbb\" data-element_type=\"widget\" data-e-type=\"widget\" data-settings=\"{&quot;classic_columns&quot;:&quot;3&quot;,&quot;classic_columns_tablet&quot;:&quot;2&quot;,&quot;classic_columns_mobile&quot;:&quot;1&quot;,&quot;classic_row_gap&quot;:{&quot;unit&quot;:&quot;px&quot;,&quot;size&quot;:35,&quot;sizes&quot;:[]},&quot;classic_row_gap_tablet&quot;:{&quot;unit&quot;:&quot;px&quot;,&quot;size&quot;:&quot;&quot;,&quot;sizes&quot;:[]},&quot;classic_row_gap_mobile&quot;:{&quot;unit&quot;:&quot;px&quot;,&quot;size&quot;:&quot;&quot;,&quot;sizes&quot;:[]}}\" data-widget_type=\"posts.classic\">\n\t\t\t\t<div class=\"elementor-widget-container\">\n\t\t\t\t\t\t\t<div class=\"elementor-posts-container elementor-posts elementor-posts--skin-classic elementor-grid\" role=\"list\">\n\t\t\t\t<article class=\"elementor-post elementor-grid-item post-6344 post type-post status-publish format-standard has-post-thumbnail hentry category-problemi-reali\" role=\"listitem\">\n\t\t\t\t<a class=\"elementor-post__thumbnail__link\" href=\"https:\/\/ichnostoreoffice.it\/index.php\/2026\/03\/27\/perche-il-prezzo-della-risma-non-e-il-vero-costo-della-fornitura\/\" tabindex=\"-1\" >\n\t\t\t<div class=\"elementor-post__thumbnail\"><img fetchpriority=\"high\" decoding=\"async\" width=\"1536\" height=\"1024\" src=\"https:\/\/ichnostoreoffice.it\/wp-content\/uploads\/2026\/03\/ChatGPT-Image-27-mar-2026-21_51_40.png\" class=\"attachment-full size-full wp-image-6345\" alt=\"\" srcset=\"https:\/\/ichnostoreoffice.it\/wp-content\/uploads\/2026\/03\/ChatGPT-Image-27-mar-2026-21_51_40.png 1536w, https:\/\/ichnostoreoffice.it\/wp-content\/uploads\/2026\/03\/ChatGPT-Image-27-mar-2026-21_51_40-200x133.png 200w\" sizes=\"(max-width: 1536px) 100vw, 1536px\" \/><\/div>\n\t\t<\/a>\n\t\t\t\t<div class=\"elementor-post__text\">\n\t\t\t\t<h3 class=\"elementor-post__title\">\n\t\t\t<a href=\"https:\/\/ichnostoreoffice.it\/index.php\/2026\/03\/27\/perche-il-prezzo-della-risma-non-e-il-vero-costo-della-fornitura\/\" >\n\t\t\t\tPerch\u00e9 il prezzo della risma non \u00e8 il vero costo della fornitura\t\t\t<\/a>\n\t\t<\/h3>\n\t\t\t\t<div class=\"elementor-post__meta-data\">\n\t\t\t\t\t<span class=\"elementor-post-date\">\n\t\t\t27 Marzo 2026\t\t<\/span>\n\t\t\t\t<span class=\"elementor-post-avatar\">\n\t\t\tNessun commento\t\t<\/span>\n\t\t\t\t<\/div>\n\t\t\t\t<div class=\"elementor-post__excerpt\">\n\t\t\t<p>Il prezzo della risma \u00e8 il numero pi\u00f9 visibile, ma spesso non \u00e8 il costo pi\u00f9 pesante. Quando la fornitura arriva male, viene gestita male<\/p>\n\t\t<\/div>\n\t\t\n\t\t<a class=\"elementor-post__read-more\" href=\"https:\/\/ichnostoreoffice.it\/index.php\/2026\/03\/27\/perche-il-prezzo-della-risma-non-e-il-vero-costo-della-fornitura\/\" aria-label=\"Leggi tutto Perch\u00e9 il prezzo della risma non \u00e8 il vero costo della fornitura\" tabindex=\"-1\" >\n\t\t\tLeggi Tutto \u00bb\t\t<\/a>\n\n\t\t\t\t<\/div>\n\t\t\t\t<\/article>\n\t\t\t\t<article class=\"elementor-post elementor-grid-item post-6341 post type-post status-publish format-standard has-post-thumbnail hentry category-problemi-reali\" role=\"listitem\">\n\t\t\t\t<a class=\"elementor-post__thumbnail__link\" href=\"https:\/\/ichnostoreoffice.it\/index.php\/2026\/03\/27\/firmare-con-riserva-non-ti-restituisce-il-tempo-perso\/\" tabindex=\"-1\" >\n\t\t\t<div class=\"elementor-post__thumbnail\"><img decoding=\"async\" width=\"1536\" height=\"1024\" src=\"https:\/\/ichnostoreoffice.it\/wp-content\/uploads\/2026\/03\/ChatGPT-Image-27-mar-2026-21_31_58.png\" class=\"attachment-full size-full wp-image-6342\" alt=\"\" srcset=\"https:\/\/ichnostoreoffice.it\/wp-content\/uploads\/2026\/03\/ChatGPT-Image-27-mar-2026-21_31_58.png 1536w, https:\/\/ichnostoreoffice.it\/wp-content\/uploads\/2026\/03\/ChatGPT-Image-27-mar-2026-21_31_58-200x133.png 200w\" sizes=\"(max-width: 1536px) 100vw, 1536px\" \/><\/div>\n\t\t<\/a>\n\t\t\t\t<div class=\"elementor-post__text\">\n\t\t\t\t<h3 class=\"elementor-post__title\">\n\t\t\t<a href=\"https:\/\/ichnostoreoffice.it\/index.php\/2026\/03\/27\/firmare-con-riserva-non-ti-restituisce-il-tempo-perso\/\" >\n\t\t\t\tFirmare con riserva non ti restituisce il tempo perso\t\t\t<\/a>\n\t\t<\/h3>\n\t\t\t\t<div class=\"elementor-post__meta-data\">\n\t\t\t\t\t<span class=\"elementor-post-date\">\n\t\t\t27 Marzo 2026\t\t<\/span>\n\t\t\t\t<span class=\"elementor-post-avatar\">\n\t\t\tNessun commento\t\t<\/span>\n\t\t\t\t<\/div>\n\t\t\t\t<div class=\"elementor-post__excerpt\">\n\t\t\t<p>Firmare con riserva pu\u00f2 tutelarti sul piano formale, ma non elimina il danno operativo. Quando la consegna arriva male, il tempo perso in ufficio \u00e8<\/p>\n\t\t<\/div>\n\t\t\n\t\t<a class=\"elementor-post__read-more\" href=\"https:\/\/ichnostoreoffice.it\/index.php\/2026\/03\/27\/firmare-con-riserva-non-ti-restituisce-il-tempo-perso\/\" aria-label=\"Leggi tutto Firmare con riserva non ti restituisce il tempo perso\" tabindex=\"-1\" >\n\t\t\tLeggi Tutto \u00bb\t\t<\/a>\n\n\t\t\t\t<\/div>\n\t\t\t\t<\/article>\n\t\t\t\t<article class=\"elementor-post elementor-grid-item post-6337 post type-post status-publish format-standard has-post-thumbnail hentry category-problemi-reali\" role=\"listitem\">\n\t\t\t\t<a class=\"elementor-post__thumbnail__link\" href=\"https:\/\/ichnostoreoffice.it\/index.php\/2026\/03\/27\/il-problema-non-e-dove-acquisti-la-carta-ma-come-ti-viene-consegnata\/\" tabindex=\"-1\" >\n\t\t\t<div class=\"elementor-post__thumbnail\"><img decoding=\"async\" width=\"1024\" height=\"1536\" src=\"https:\/\/ichnostoreoffice.it\/wp-content\/uploads\/2026\/03\/ChatGPT-Image-27-mar-2026-22_02_32.png\" class=\"attachment-full size-full wp-image-6347\" alt=\"\" srcset=\"https:\/\/ichnostoreoffice.it\/wp-content\/uploads\/2026\/03\/ChatGPT-Image-27-mar-2026-22_02_32.png 1024w, https:\/\/ichnostoreoffice.it\/wp-content\/uploads\/2026\/03\/ChatGPT-Image-27-mar-2026-22_02_32-200x300.png 200w\" sizes=\"(max-width: 1024px) 100vw, 1024px\" \/><\/div>\n\t\t<\/a>\n\t\t\t\t<div class=\"elementor-post__text\">\n\t\t\t\t<h3 class=\"elementor-post__title\">\n\t\t\t<a href=\"https:\/\/ichnostoreoffice.it\/index.php\/2026\/03\/27\/il-problema-non-e-dove-acquisti-la-carta-ma-come-ti-viene-consegnata\/\" >\n\t\t\t\tIl problema non \u00e8 dove acquisti la carta, ma come ti viene consegnata\t\t\t<\/a>\n\t\t<\/h3>\n\t\t\t\t<div class=\"elementor-post__meta-data\">\n\t\t\t\t\t<span class=\"elementor-post-date\">\n\t\t\t27 Marzo 2026\t\t<\/span>\n\t\t\t\t<span class=\"elementor-post-avatar\">\n\t\t\tNessun commento\t\t<\/span>\n\t\t\t\t<\/div>\n\t\t\t\t<div class=\"elementor-post__excerpt\">\n\t\t\t<p>Molte aziende credono che il problema sia il prezzo o il fornitore scelto. In realt\u00e0, nella vita quotidiana dell\u2019ufficio, il problema nasce spesso dopo l\u2019acquisto:<\/p>\n\t\t<\/div>\n\t\t\n\t\t<a class=\"elementor-post__read-more\" href=\"https:\/\/ichnostoreoffice.it\/index.php\/2026\/03\/27\/il-problema-non-e-dove-acquisti-la-carta-ma-come-ti-viene-consegnata\/\" aria-label=\"Leggi tutto Il problema non \u00e8 dove acquisti la carta, ma come ti viene consegnata\" tabindex=\"-1\" >\n\t\t\tLeggi Tutto \u00bb\t\t<\/a>\n\n\t\t\t\t<\/div>\n\t\t\t\t<\/article>\n\t\t\t\t<\/div>\n\t\t\n\t\t\t\t\t\t<\/div>\n\t\t\t\t<\/div>\n\t\t\t\t\t<\/div>\n\t\t\t\t<\/div>\n\t\t\t\t<\/div>\n\t\t","protected":false},"excerpt":{"rendered":"<p>Blog Articoli pratici su consegne sbagliate, controllo dei colli, continuit\u00e0 operativa e gestione reale delle forniture in ufficio. Qui non parliamo di carta in astratto, ma di problemi concreti, metodo di lavoro e criteri utili per evitare caos, ritardi e perdite di tempo.<\/p>\n","protected":false},"author":1,"featured_media":0,"parent":0,"menu_order":0,"comment_status":"closed","ping_status":"closed","template":"elementor_header_footer","meta":{"footnotes":""},"class_list":["post-6331","page","type-page","status-publish","hentry"],"_links":{"self":[{"href":"https:\/\/ichnostoreoffice.it\/index.php\/wp-json\/wp\/v2\/pages\/6331","targetHints":{"allow":["GET"]}}],"collection":[{"href":"https:\/\/ichnostoreoffice.it\/index.php\/wp-json\/wp\/v2\/pages"}],"about":[{"href":"https:\/\/ichnostoreoffice.it\/index.php\/wp-json\/wp\/v2\/types\/page"}],"author":[{"embeddable":true,"href":"https:\/\/ichnostoreoffice.it\/index.php\/wp-json\/wp\/v2\/users\/1"}],"replies":[{"embeddable":true,"href":"https:\/\/ichnostoreoffice.it\/index.php\/wp-json\/wp\/v2\/comments?post=6331"}],"version-history":[{"count":16,"href":"https:\/\/ichnostoreoffice.it\/index.php\/wp-json\/wp\/v2\/pages\/6331\/revisions"}],"predecessor-version":[{"id":6402,"href":"https:\/\/ichnostoreoffice.it\/index.php\/wp-json\/wp\/v2\/pages\/6331\/revisions\/6402"}],"wp:attachment":[{"href":"https:\/\/ichnostoreoffice.it\/index.php\/wp-json\/wp\/v2\/media?parent=6331"}],"curies":[{"name":"wp","href":"https:\/\/api.w.org\/{rel}","templated":true}]}}